{"id":1472,"date":"2019-03-31T11:18:00","date_gmt":"2019-03-31T09:18:00","guid":{"rendered":"https:\/\/avtonaplin.com\/?page_id=1472"},"modified":"2022-12-18T23:27:16","modified_gmt":"2022-12-18T22:27:16","slug":"servis-plinskega-sistema","status":"publish","type":"page","link":"https:\/\/avtonaplin.com\/index.php\/avto-na-plin-specialisti-za-predelave-na-plin-potrjeno-najboljsi\/servis-plinskega-sistema\/","title":{"rendered":"SERVIS"},"content":{"rendered":"<p><strong>Redni servis<\/strong> se izvaja 1.letno ali vsakih 20.000 km. Redni servis je zelo pomeben za varno in ekonomi\u010dno delovanje plinskega sistema. Redni servis se izvaja po servisnem na\u010drtu, ki je dolo\u010den v servisni knjigi. Izvaja ga lahko samo poobla\u0161\u010dena oseba ali servis s strani podjetja Degas d.o.o.<\/p>\n<p>&nbsp;<\/p>\n<p>Servis izvajamo za vse znamke plinskih sistemov na trgu:<\/p>\n<p>&nbsp;<\/p>\n<p><em>#zavoli #emer #europegas #agis #stag #brc #zenit #digitronic #vialle #g1 #aeb #valtek #atiker #lovato #emmegas #kme #tomasetto #versus #landirenzo #lpgtech #ag #hana #prins #keihin #king #magicjet #matrix #jlm #bosch #faro #flashlube<\/em><\/p>\n<p>&nbsp;<\/p>\n<p>Zagotavljamo vam tudi nadomestne dele in monta\u017eo.<\/p>\n<p>&nbsp;<\/p>\n<p>Ker je pravilno delovanje plinskega sistema najpomembnej\u0161e za ekonomi\u010dno in u\u010dinkovito delovanje va\u0161ega vozila, vam zagotavljamo kakovosten, cenovno ugoden in hiter servis plinskih sistemov. Servisiramo prakti\u010dno vse plinske sisteme, ki so vgrajeni v motorna vozila. Poleg servisiranja plinskih sistemov vam zagotavljamo tudi originalne nadomestne dele in njihovo vgradnjo.<\/p>\n<p>&nbsp;<\/p>\n<p><img decoding=\"async\" loading=\"lazy\" class=\"alignnone size-large wp-image-1642\" src=\"https:\/\/avtonaplin.com\/wp-content\/uploads\/2019\/06\/servis-logo-1-1024x576.png\" alt=\"\" width=\"1024\" height=\"576\" srcset=\"https:\/\/avtonaplin.com\/wp-content\/uploads\/2019\/06\/servis-logo-1-1024x576.png 1024w, https:\/\/avtonaplin.com\/wp-content\/uploads\/2019\/06\/servis-logo-1-300x169.png 300w, https:\/\/avtonaplin.com\/wp-content\/uploads\/2019\/06\/servis-logo-1-768x432.png 768w\" sizes=\"(max-width: 1024px) 100vw, 1024px\" \/><\/p>\n<p>&nbsp;<\/p>\n<p>&nbsp;<\/p>\n<div class=\"blog-kontakti\">\n<p>Kontaktiraj nas<\/p>\n<div class=\"btn-kontakt green\"><a class=\"vc_general vc_btn3 vc_btn3-size-md vc_btn3-shape-rounded vc_btn3-style-custom vc_btn3-icon-left\" title=\"\" href=\"tel:040331351\"><i class=\"vc_btn3-icon fa fa-mobile\"><\/i> 040 331 351<\/a><\/div>\n<div class=\"btn-kontakt green\"><a class=\"vc_general vc_btn3 vc_btn3-size-md vc_btn3-shape-rounded vc_btn3-style-custom vc_btn3-icon-left\" title=\"\" href=\"mailto:info@avtonaplin.com\"><i class=\"vc_btn3-icon fa fa-envelope\"><\/i> info@avtonaplin.com<\/a><\/div>\n<\/div>\n<p>&nbsp;<\/p>\n<p>&nbsp;<\/p>\n<p><img decoding=\"async\" loading=\"lazy\" class=\"alignnone size-medium wp-image-972\" src=\"https:\/\/avtonaplin.com\/wp-content\/uploads\/2018\/06\/IMG_20180609_111039-300x225.jpg\" alt=\"\" width=\"300\" height=\"225\" srcset=\"https:\/\/avtonaplin.com\/wp-content\/uploads\/2018\/06\/IMG_20180609_111039-300x225.jpg 300w, https:\/\/avtonaplin.com\/wp-content\/uploads\/2018\/06\/IMG_20180609_111039-768x576.jpg 768w, https:\/\/avtonaplin.com\/wp-content\/uploads\/2018\/06\/IMG_20180609_111039-1024x768.jpg 1024w\" sizes=\"(max-width: 300px) 100vw, 300px\" \/><img decoding=\"async\" loading=\"lazy\" class=\"alignnone size-medium wp-image-971\" src=\"https:\/\/avtonaplin.com\/wp-content\/uploads\/2018\/06\/IMG_20180609_111033-300x225.jpg\" alt=\"\" width=\"300\" height=\"225\" srcset=\"https:\/\/avtonaplin.com\/wp-content\/uploads\/2018\/06\/IMG_20180609_111033-300x225.jpg 300w, https:\/\/avtonaplin.com\/wp-content\/uploads\/2018\/06\/IMG_20180609_111033-768x576.jpg 768w, https:\/\/avtonaplin.com\/wp-content\/uploads\/2018\/06\/IMG_20180609_111033-1024x768.jpg 1024w\" sizes=\"(max-width: 300px) 100vw, 300px\" \/><img decoding=\"async\" loading=\"lazy\" class=\"alignnone size-medium wp-image-969\" src=\"https:\/\/avtonaplin.com\/wp-content\/uploads\/2018\/06\/IMG_20180609_111023-300x225.jpg\" alt=\"\" width=\"300\" height=\"225\" srcset=\"https:\/\/avtonaplin.com\/wp-content\/uploads\/2018\/06\/IMG_20180609_111023-300x225.jpg 300w, https:\/\/avtonaplin.com\/wp-content\/uploads\/2018\/06\/IMG_20180609_111023-768x576.jpg 768w, https:\/\/avtonaplin.com\/wp-content\/uploads\/2018\/06\/IMG_20180609_111023-1024x768.jpg 1024w\" sizes=\"(max-width: 300px) 100vw, 300px\" \/><\/p>\n<p><img decoding=\"async\" loading=\"lazy\" class=\"alignnone size-medium wp-image-1217\" src=\"https:\/\/avtonaplin.com\/wp-content\/uploads\/2018\/11\/IMG_20180921_123102-300x225.jpg\" alt=\"\" width=\"300\" height=\"225\" srcset=\"https:\/\/avtonaplin.com\/wp-content\/uploads\/2018\/11\/IMG_20180921_123102-300x225.jpg 300w, https:\/\/avtonaplin.com\/wp-content\/uploads\/2018\/11\/IMG_20180921_123102-768x576.jpg 768w, https:\/\/avtonaplin.com\/wp-content\/uploads\/2018\/11\/IMG_20180921_123102-1024x768.jpg 1024w\" sizes=\"(max-width: 300px) 100vw, 300px\" \/><img decoding=\"async\" loading=\"lazy\" class=\"alignnone wp-image-756\" src=\"https:\/\/avtonaplin.com\/wp-content\/uploads\/2018\/05\/reklama-brezpla\u010dni-servis-1024x768.png\" alt=\"\" width=\"299\" height=\"224\" srcset=\"https:\/\/avtonaplin.com\/wp-content\/uploads\/2018\/05\/reklama-brezpla\u010dni-servis-1024x768.png 1024w, https:\/\/avtonaplin.com\/wp-content\/uploads\/2018\/05\/reklama-brezpla\u010dni-servis-300x225.png 300w, https:\/\/avtonaplin.com\/wp-content\/uploads\/2018\/05\/reklama-brezpla\u010dni-servis-768x576.png 768w\" sizes=\"(max-width: 299px) 100vw, 299px\" \/><img decoding=\"async\" loading=\"lazy\" class=\"alignnone wp-image-909\" src=\"https:\/\/avtonaplin.com\/wp-content\/uploads\/2018\/05\/IMG_20180324_150649-768x1024.jpg\" alt=\"\" width=\"169\" height=\"226\" srcset=\"https:\/\/avtonaplin.com\/wp-content\/uploads\/2018\/05\/IMG_20180324_150649-768x1024.jpg 768w, https:\/\/avtonaplin.com\/wp-content\/uploads\/2018\/05\/IMG_20180324_150649-225x300.jpg 225w\" sizes=\"(max-width: 169px) 100vw, 169px\" \/><\/p>\n","protected":false},"excerpt":{"rendered":"<p>Redni servis se izvaja 1.letno ali vsakih 20.000 km. Redni servis je zelo pomeben za varno in ekonomi\u010dno delovanje plinskega sistema. Redni servis se izvaja po servisnem na\u010drtu, ki je dolo\u010den v servisni knjigi. Izvaja ga lahko samo poobla\u0161\u010dena oseba ali servis s strani podjetja Degas d.o.o. &nbsp; Servis izvajamo za vse znamke plinskih sistemov [&hellip;]<\/p>\n","protected":false},"author":1,"featured_media":0,"parent":31,"menu_order":0,"comment_status":"closed","ping_status":"closed","template":"","meta":{"_mi_skip_tracking":false,"footnotes":""},"yoast_head":"<!-- This site is optimized with the Yoast SEO plugin v22.6 - https:\/\/yoast.com\/wordpress\/plugins\/seo\/ -->\n<title>Avto na plin. Servis plinskega sistema za vse znamke plinskih sistemov<\/title>\n<meta name=\"description\" content=\"Servis plinskega sistema za vse znamke plinskih sistemov. Zavoli. Lovato. Stag. Tartarini. Europegas. G1. Digitronic. Emmegas. Omvl. Agis.\" \/>\n<meta name=\"robots\" content=\"index, follow, max-snippet:-1, max-image-preview:large, max-video-preview:-1\" \/>\n<link rel=\"canonical\" href=\"https:\/\/avtonaplin.com\/index.php\/avto-na-plin-specialisti-za-predelave-na-plin-potrjeno-najboljsi\/servis-plinskega-sistema\/\" \/>\n<meta property=\"og:locale\" content=\"en_GB\" \/>\n<meta property=\"og:type\" content=\"article\" \/>\n<meta property=\"og:title\" content=\"Avto na plin. Servis plinskega sistema za vse znamke plinskih sistemov\" \/>\n<meta property=\"og:description\" content=\"Servis plinskega sistema za vse znamke plinskih sistemov. Zavoli. Lovato. Stag. Tartarini. Europegas. G1. Digitronic. Emmegas. Omvl. Agis.\" \/>\n<meta property=\"og:url\" content=\"https:\/\/avtonaplin.com\/index.php\/avto-na-plin-specialisti-za-predelave-na-plin-potrjeno-najboljsi\/servis-plinskega-sistema\/\" \/>\n<meta property=\"og:site_name\" content=\"Avto na plin. Predelava na plin. Vgradnja. Servis\" \/>\n<meta property=\"article:publisher\" content=\"https:\/\/www.facebook.com\/Avtonaplincom\/\" \/>\n<meta property=\"article:modified_time\" content=\"2022-12-18T22:27:16+00:00\" \/>\n<meta property=\"og:image\" content=\"https:\/\/avtonaplin.com\/wp-content\/uploads\/2019\/06\/servis-logo-1-1024x576.png\" \/>\n<meta name=\"twitter:card\" content=\"summary_large_image\" \/>\n<meta name=\"twitter:label1\" content=\"Estimated reading time\" \/>\n\t<meta name=\"twitter:data1\" content=\"3 minutes\" \/>\n<script type=\"application\/ld+json\" class=\"yoast-schema-graph\">{\"@context\":\"https:\/\/schema.org\",\"@graph\":[{\"@type\":\"WebPage\",\"@id\":\"https:\/\/avtonaplin.com\/index.php\/avto-na-plin-specialisti-za-predelave-na-plin-potrjeno-najboljsi\/servis-plinskega-sistema\/\",\"url\":\"https:\/\/avtonaplin.com\/index.php\/avto-na-plin-specialisti-za-predelave-na-plin-potrjeno-najboljsi\/servis-plinskega-sistema\/\",\"name\":\"Avto na plin. Servis plinskega sistema za vse znamke plinskih sistemov\",\"isPartOf\":{\"@id\":\"https:\/\/avtonaplin.com\/#website\"},\"primaryImageOfPage\":{\"@id\":\"https:\/\/avtonaplin.com\/index.php\/avto-na-plin-specialisti-za-predelave-na-plin-potrjeno-najboljsi\/servis-plinskega-sistema\/#primaryimage\"},\"image\":{\"@id\":\"https:\/\/avtonaplin.com\/index.php\/avto-na-plin-specialisti-za-predelave-na-plin-potrjeno-najboljsi\/servis-plinskega-sistema\/#primaryimage\"},\"thumbnailUrl\":\"https:\/\/avtonaplin.com\/wp-content\/uploads\/2019\/06\/servis-logo-1-1024x576.png\",\"datePublished\":\"2019-03-31T09:18:00+00:00\",\"dateModified\":\"2022-12-18T22:27:16+00:00\",\"description\":\"Servis plinskega sistema za vse znamke plinskih sistemov. Zavoli. Lovato. Stag. Tartarini. Europegas. G1. Digitronic. Emmegas. Omvl. Agis.\",\"breadcrumb\":{\"@id\":\"https:\/\/avtonaplin.com\/index.php\/avto-na-plin-specialisti-za-predelave-na-plin-potrjeno-najboljsi\/servis-plinskega-sistema\/#breadcrumb\"},\"inLanguage\":\"en-GB\",\"potentialAction\":[{\"@type\":\"ReadAction\",\"target\":[\"https:\/\/avtonaplin.com\/index.php\/avto-na-plin-specialisti-za-predelave-na-plin-potrjeno-najboljsi\/servis-plinskega-sistema\/\"]}]},{\"@type\":\"ImageObject\",\"inLanguage\":\"en-GB\",\"@id\":\"https:\/\/avtonaplin.com\/index.php\/avto-na-plin-specialisti-za-predelave-na-plin-potrjeno-najboljsi\/servis-plinskega-sistema\/#primaryimage\",\"url\":\"https:\/\/avtonaplin.com\/wp-content\/uploads\/2019\/06\/servis-logo-1.png\",\"contentUrl\":\"https:\/\/avtonaplin.com\/wp-content\/uploads\/2019\/06\/servis-logo-1.png\",\"width\":2560,\"height\":1440},{\"@type\":\"BreadcrumbList\",\"@id\":\"https:\/\/avtonaplin.com\/index.php\/avto-na-plin-specialisti-za-predelave-na-plin-potrjeno-najboljsi\/servis-plinskega-sistema\/#breadcrumb\",\"itemListElement\":[{\"@type\":\"ListItem\",\"position\":1,\"name\":\"Home\",\"item\":\"https:\/\/avtonaplin.com\/\"},{\"@type\":\"ListItem\",\"position\":2,\"name\":\"PREDELAVA NA PLIN\",\"item\":\"https:\/\/avtonaplin.com\/\"},{\"@type\":\"ListItem\",\"position\":3,\"name\":\"SERVIS\"}]},{\"@type\":\"WebSite\",\"@id\":\"https:\/\/avtonaplin.com\/#website\",\"url\":\"https:\/\/avtonaplin.com\/\",\"name\":\"Avto na plin. Predelava na plin. Vgradnja. Servis\",\"description\":\"Vozi ceneje, vozi na plin!\",\"publisher\":{\"@id\":\"https:\/\/avtonaplin.com\/#organization\"},\"potentialAction\":[{\"@type\":\"SearchAction\",\"target\":{\"@type\":\"EntryPoint\",\"urlTemplate\":\"https:\/\/avtonaplin.com\/?s={search_term_string}\"},\"query-input\":\"required name=search_term_string\"}],\"inLanguage\":\"en-GB\"},{\"@type\":\"Organization\",\"@id\":\"https:\/\/avtonaplin.com\/#organization\",\"name\":\"Avtonaplin d.o.o.\",\"url\":\"https:\/\/avtonaplin.com\/\",\"logo\":{\"@type\":\"ImageObject\",\"inLanguage\":\"en-GB\",\"@id\":\"https:\/\/avtonaplin.com\/#\/schema\/logo\/image\/\",\"url\":\"https:\/\/avtonaplin.com\/wp-content\/uploads\/2018\/09\/OSNOVA.png\",\"contentUrl\":\"https:\/\/avtonaplin.com\/wp-content\/uploads\/2018\/09\/OSNOVA.png\",\"width\":476,\"height\":133,\"caption\":\"Avtonaplin d.o.o.\"},\"image\":{\"@id\":\"https:\/\/avtonaplin.com\/#\/schema\/logo\/image\/\"},\"sameAs\":[\"https:\/\/www.facebook.com\/Avtonaplincom\/\",\"https:\/\/www.instagram.com\/avtonaplin_eco_car\/\"]}]}<\/script>\n<!-- \/ Yoast SEO plugin. -->","yoast_head_json":{"title":"Avto na plin. Servis plinskega sistema za vse znamke plinskih sistemov","description":"Servis plinskega sistema za vse znamke plinskih sistemov. Zavoli. Lovato. Stag. Tartarini. Europegas. G1. Digitronic. Emmegas. Omvl. Agis.","robots":{"index":"index","follow":"follow","max-snippet":"max-snippet:-1","max-image-preview":"max-image-preview:large","max-video-preview":"max-video-preview:-1"},"canonical":"https:\/\/avtonaplin.com\/index.php\/avto-na-plin-specialisti-za-predelave-na-plin-potrjeno-najboljsi\/servis-plinskega-sistema\/","og_locale":"en_GB","og_type":"article","og_title":"Avto na plin. Servis plinskega sistema za vse znamke plinskih sistemov","og_description":"Servis plinskega sistema za vse znamke plinskih sistemov. Zavoli. Lovato. Stag. Tartarini. Europegas. G1. Digitronic. Emmegas. Omvl. Agis.","og_url":"https:\/\/avtonaplin.com\/index.php\/avto-na-plin-specialisti-za-predelave-na-plin-potrjeno-najboljsi\/servis-plinskega-sistema\/","og_site_name":"Avto na plin. Predelava na plin. Vgradnja. Servis","article_publisher":"https:\/\/www.facebook.com\/Avtonaplincom\/","article_modified_time":"2022-12-18T22:27:16+00:00","og_image":[{"url":"https:\/\/avtonaplin.com\/wp-content\/uploads\/2019\/06\/servis-logo-1-1024x576.png"}],"twitter_card":"summary_large_image","twitter_misc":{"Estimated reading time":"3 minutes"},"schema":{"@context":"https:\/\/schema.org","@graph":[{"@type":"WebPage","@id":"https:\/\/avtonaplin.com\/index.php\/avto-na-plin-specialisti-za-predelave-na-plin-potrjeno-najboljsi\/servis-plinskega-sistema\/","url":"https:\/\/avtonaplin.com\/index.php\/avto-na-plin-specialisti-za-predelave-na-plin-potrjeno-najboljsi\/servis-plinskega-sistema\/","name":"Avto na plin. Servis plinskega sistema za vse znamke plinskih sistemov","isPartOf":{"@id":"https:\/\/avtonaplin.com\/#website"},"primaryImageOfPage":{"@id":"https:\/\/avtonaplin.com\/index.php\/avto-na-plin-specialisti-za-predelave-na-plin-potrjeno-najboljsi\/servis-plinskega-sistema\/#primaryimage"},"image":{"@id":"https:\/\/avtonaplin.com\/index.php\/avto-na-plin-specialisti-za-predelave-na-plin-potrjeno-najboljsi\/servis-plinskega-sistema\/#primaryimage"},"thumbnailUrl":"https:\/\/avtonaplin.com\/wp-content\/uploads\/2019\/06\/servis-logo-1-1024x576.png","datePublished":"2019-03-31T09:18:00+00:00","dateModified":"2022-12-18T22:27:16+00:00","description":"Servis plinskega sistema za vse znamke plinskih sistemov. Zavoli. Lovato. Stag. Tartarini. Europegas. G1. Digitronic. Emmegas. Omvl. Agis.","breadcrumb":{"@id":"https:\/\/avtonaplin.com\/index.php\/avto-na-plin-specialisti-za-predelave-na-plin-potrjeno-najboljsi\/servis-plinskega-sistema\/#breadcrumb"},"inLanguage":"en-GB","potentialAction":[{"@type":"ReadAction","target":["https:\/\/avtonaplin.com\/index.php\/avto-na-plin-specialisti-za-predelave-na-plin-potrjeno-najboljsi\/servis-plinskega-sistema\/"]}]},{"@type":"ImageObject","inLanguage":"en-GB","@id":"https:\/\/avtonaplin.com\/index.php\/avto-na-plin-specialisti-za-predelave-na-plin-potrjeno-najboljsi\/servis-plinskega-sistema\/#primaryimage","url":"https:\/\/avtonaplin.com\/wp-content\/uploads\/2019\/06\/servis-logo-1.png","contentUrl":"https:\/\/avtonaplin.com\/wp-content\/uploads\/2019\/06\/servis-logo-1.png","width":2560,"height":1440},{"@type":"BreadcrumbList","@id":"https:\/\/avtonaplin.com\/index.php\/avto-na-plin-specialisti-za-predelave-na-plin-potrjeno-najboljsi\/servis-plinskega-sistema\/#breadcrumb","itemListElement":[{"@type":"ListItem","position":1,"name":"Home","item":"https:\/\/avtonaplin.com\/"},{"@type":"ListItem","position":2,"name":"PREDELAVA NA PLIN","item":"https:\/\/avtonaplin.com\/"},{"@type":"ListItem","position":3,"name":"SERVIS"}]},{"@type":"WebSite","@id":"https:\/\/avtonaplin.com\/#website","url":"https:\/\/avtonaplin.com\/","name":"Avto na plin. Predelava na plin. Vgradnja. Servis","description":"Vozi ceneje, vozi na plin!","publisher":{"@id":"https:\/\/avtonaplin.com\/#organization"},"potentialAction":[{"@type":"SearchAction","target":{"@type":"EntryPoint","urlTemplate":"https:\/\/avtonaplin.com\/?s={search_term_string}"},"query-input":"required name=search_term_string"}],"inLanguage":"en-GB"},{"@type":"Organization","@id":"https:\/\/avtonaplin.com\/#organization","name":"Avtonaplin d.o.o.","url":"https:\/\/avtonaplin.com\/","logo":{"@type":"ImageObject","inLanguage":"en-GB","@id":"https:\/\/avtonaplin.com\/#\/schema\/logo\/image\/","url":"https:\/\/avtonaplin.com\/wp-content\/uploads\/2018\/09\/OSNOVA.png","contentUrl":"https:\/\/avtonaplin.com\/wp-content\/uploads\/2018\/09\/OSNOVA.png","width":476,"height":133,"caption":"Avtonaplin d.o.o."},"image":{"@id":"https:\/\/avtonaplin.com\/#\/schema\/logo\/image\/"},"sameAs":["https:\/\/www.facebook.com\/Avtonaplincom\/","https:\/\/www.instagram.com\/avtonaplin_eco_car\/"]}]}},"_links":{"self":[{"href":"https:\/\/avtonaplin.com\/index.php\/wp-json\/wp\/v2\/pages\/1472"}],"collection":[{"href":"https:\/\/avtonaplin.com\/index.php\/wp-json\/wp\/v2\/pages"}],"about":[{"href":"https:\/\/avtonaplin.com\/index.php\/wp-json\/wp\/v2\/types\/page"}],"author":[{"embeddable":true,"href":"https:\/\/avtonaplin.com\/index.php\/wp-json\/wp\/v2\/users\/1"}],"replies":[{"embeddable":true,"href":"https:\/\/avtonaplin.com\/index.php\/wp-json\/wp\/v2\/comments?post=1472"}],"version-history":[{"count":5,"href":"https:\/\/avtonaplin.com\/index.php\/wp-json\/wp\/v2\/pages\/1472\/revisions"}],"predecessor-version":[{"id":2338,"href":"https:\/\/avtonaplin.com\/index.php\/wp-json\/wp\/v2\/pages\/1472\/revisions\/2338"}],"up":[{"embeddable":true,"href":"https:\/\/avtonaplin.com\/index.php\/wp-json\/wp\/v2\/pages\/31"}],"wp:attachment":[{"href":"https:\/\/avtonaplin.com\/index.php\/wp-json\/wp\/v2\/media?parent=1472"}],"curies":[{"name":"wp","href":"https:\/\/api.w.org\/{rel}","templated":true}]}}